tors of u(d).
2, 3, 7
Let x(w) be the third derivative of w**6/40 + w**5/30 + w**4/24 - w**3/2 + 7*w**2. Let j be x(2). Suppose 10 = s - j. What are the prime factors of s?
41
Suppose 6*j - 5687 + 503 = 0. What are the prime factors of j?
2, 3
Suppose -3*a - 2524 = -2*g - 6*a, 4*g = 3*a + 5066. Suppose 3*d + 461 = g. List the prime factors of d.
2, 67
Let u be 5 + -1 - (7 + 74). Let p = u - -82. What are the prime factors of p?
5
Let j = -22 + 28. What are the prime factors of j/9 - ((-13)/3 - 3)?
2
Let h(a) = 196*a + 370. What are the prime factors of h(9)?
2, 11, 97
List the prime factors of (220/66)/(1/123).
2, 5, 41
Suppose 9*n - 5 = -50. Let k be ((-26)/(-5))/((-2)/n). Suppose -3*v - 3*u = -21, -2*v - 5*u + 2*u + k = 0. List the prime factors of v.
2
Let r = -26 - -39. Let w be (0 + 2 - 4) + 36. Let x = w - r. What are the prime factors of x?
3, 7
Let z(o) = 95*o**2. Let h = 2 + -1. Let m be z(h). Suppose -7*k = -2*k - m. What are the prime factors of k?
19
Suppose 5*p - 5*k = -0*p + 2805, -3*p + 1659 = 5*k. List the prime factors of p.
2, 3, 31
Let d(n) = 4 + 11*n**2 + 5*n**2 - 12*n - n**3 - 3*n**2. List the prime factors of d(12).
2
Let m(c) = 13*c + 16. Let n be m(-10). Let r = n + 162. What are the prime factors of r?
2, 3
Suppose 12 = -0*b + 4*b. Suppose -s - 113 = -b*m + 114, -s = 5*m - 389. Let h = m + -38. What are the prime factors of h?
3, 13
Let d be (-72)/(-14) + (-1)/7. Let g(s) = s - 1. Let f be g(d). Let r = f - -14. What are the prime factors of r?
2, 3
Let s = 133 + -75. List the prime factors of s.
2, 29
Suppose -6*z = -2*z. Suppose 0 = -z*a - 2*a + 52. What are the prime factors of a?
2, 13
Let q be (1 - 1) + (-12 - -14). Let w(d) = -5*d**2 + d - 10 - 12*d**2 + 18*d**q. What are the prime factors of w(-7)?
2
Suppose 4*f + 1108 = -3*q, 0*q + 4*q = 5*f + 1385. Let h = f - -398. What are the prime factors of h?
11
Suppose 30*a = 28*a - 10, -5*w + 2200 = -2*a. What are the prime factors of w?
2, 3, 73
Suppose 0 = 4*t - 7831 + 903. List the prime factors of t.
2, 433
Suppose 2*l = 3*l + 1. Let h(m) = 137*m**2 + 2*m + 1. Let a be h(l). Let d = -92 + a. List the prime factors of d.
2, 11
Let w(c) = -c**3 + 28*c**2 - 33*c - 18. What are the prime factors of w(10)?
2, 3, 11
Suppose 5*o + 2*s = 0, -s + 4*s + 23 = 4*o. Suppose -375 = -o*p - 5*a, -6*p + 3*a + 510 = -3*p. Suppose p = 6*h - h. What are the prime factors of h?
5, 7
Let q(g) = 3*g**2 + g + 1. Let j be q(-1). Suppose 2*m - j*m + 2 = 2*b, 24 = 5*m - 4*b. Suppose m*n = 8*n - 96. List the prime factors of n.
2, 3
Let m(h) = h**3 + 7*h**2 - 7*h + 19. Let p be m(-8). Let u = p + 61. What are the prime factors of u?
2, 3
List the prime factors of 8/68 + 40859/221.
5, 37
Suppose h + 4*z + 14 = -0*z, 2*z + 8 = 0. Suppose 0*s + h = s. Suppose -3*q - 3*i + 27 = 0, 2*q - 5*i + s*i = 33. What are the prime factors of q?
2, 3
Suppose 3*z - d - 659 = 0, -3*z - 3*d = -691 + 40. Let h = -79 + z. What are the prime factors of h?
2, 5, 7
Let n(j) be the first derivative of 1/3*j**3 + 5 + j + 3*j**2. List the prime factors of n(-8).
17
Let g(a) = 4*a + 17. Let k(z) = z + 6. Let l(i) = -2*g(i) + 7*k(i). Let u be l(5). What are the prime factors of (u + -40)*(-3 + 2)?
37
Let w(d) = d**2 + 60*d + 2825. List the prime factors of w(0).
5, 113
Suppose 4*q = 10*q - 444. Suppose -2*z + 17 = r + z, -4*z + q = 5*r. What are the prime factors of r?
2, 7
Let j(z) = -z**2 + 13*z - 8. Let w be j(9). Let g = w + -17. Suppose -g*a + 10*a + 6 = 0. What are the prime factors of a?
2, 3
Let k = 10 - 6. Let o = -1388 + 1412. Suppose -i - o = -k*i. List the prime factors of i.
2
Suppose 5*c + 17 - 2 = 0, 5*c + 25 = 2*t. Let d = 0 + 0. Suppose 4*w - 27 = w + t*u, d = 5*w + 5*u - 45. List the prime factors of w.
3
Let j be (1/(-3))/((-2)/(-30)). Let c = 9 + j. Suppose -c*f + i + 12 = 0, -2*f + 6 = -0*i + i. What are the prime factors of f?
3
Suppose -11 - 37 = 4*k. Let m(h) be the first derivative of -h**2/2 + 2*h - 1. What are the prime factors of m(k)?
2, 7
Suppose 5*o - 15 = -0. Suppose 5*w - 4*n - 883 = 0, 6*w = o*w + 3*n + 528. List the prime factors of w.
179
Suppose 5*b - 2*m = 21081, -6*m - 1051 + 22148 = 5*b. What are the prime factors of b?
4217
Let s = 233 + -144. Suppose -5*j = -j - 36. Suppose -s + j = -5*u. List the prime factors of u.
2
Let t(a) = -7*a**3 - 15*a**2 - 7*a - 16. What are the prime factors of t(-8)?
2, 3, 37
Suppose 227*a - 225*a = 3*w + 1604, -4*a = -w - 3188. What are the prime factors of a?
2, 199
Suppose -201 = -u - 2*u. Suppose -m + 6*a - a + 95 = 0, -2*a + 109 = m. Let l = m - u. What are the prime factors of l?
2, 19
Suppose h = 6*h. Let r(b) = -10*b - 6*b**2 + 7*b - 4 + h - 4 - b**3. List the prime factors of r(-6).
2, 5
Let f(k) = -k**3 - 6*k**2 - 14*k + 12. List the prime factors of f(-13).
3, 17
Let p be 2 - 0/(-2 - 0). What are the prime factors of 83 - ((1 - p) + 0)?
2, 3, 7
What are the prime factors of (-70)/(-315) + (-5)/((-180)/217396)?
3, 11, 61
Let o = 114 - 100. What are the prime factors of o?
2, 7
Let t(o) = -2*o**2 + 10 - 5*o + o**2 - 5*o - 3. What are the prime factors of t(-7)?
2, 7
Let w = -455 - -255. Let u = -117 - w. List the prime factors of u.
83
Let u = 1 + 3. Suppose 4*z = 5*s + 1, 2*s + 6 = 4*z - u. Suppose 0 = q + 3*o - 2, -5*q + 6*o - s*o = -82. What are the prime factors of q?
2, 7
Let t = 161 - 193. Let w = -20 + 91. Let c = w + t. List the prime factors of c.
3, 13
Suppose -4*i + t = -2476, 0 = -2*i - t + 798 + 446. List the prime factors of i.
2, 5, 31
Suppose 26*d + 407 - 3605 = 0. List the prime factors of d.
3, 41
Suppose 2*m - 5 = k - 15, 2*k - 3*m = 17. Let s = 24 - k. List the prime factors of ((-5)/2)/((-2)/s).
5
Suppose 5*n + a = 1225, -5*n - 2*a + 728 = -2*n. What are the prime factors of n?
2, 3, 41
Let a(f) = f**3 - 7*f**2 - 3*f + 4. Let z be a(6). Let g be ((-296)/20)/((-1)/5). Let n = z + g. List the prime factors of n.
2, 3
Let k(r) = 193*r + 35. List the prime factors of k(1).
2, 3, 19
Suppose 4*y + 5*t + 31 = 0, 0 = -2*y + t - 42 + 9. Let o(z) = z**2 + 14*z + 4. Let g be o(y). List the prime factors of (g - -1)*(-27)/(-5).
3
Suppose -1972 = d - 5*d + 4*q, q - 5 = 0. List the prime factors of d.
2, 3, 83
Suppose -20400 = -20*m + 8*m. What are the prime factors of m?
2, 5, 17
Let a(q) be the first derivative of 2*q**2 + 22*q - 1. List the prime factors of a(15).
2, 41
Suppose 5*w - 1 = -0*c - 2*c, 3*c + 5*w = -1. Let y be (c/4)/((-6)/(-24)). List the prime factors of (-100)/(-35)*(-7)/y.
2, 5
Let v(j) = -115*j + 3. What are the prime factors of v(-4)?
463
Let b(f) = f**3 - 8*f**2 + 10*f - 8. Let w be b(7). Let r = -13 + w. Suppose r = -p + 32 + 9. List the prime factors of p.
41
Let u = 475 - 681. Let c = 405 + u. What are the prime factors of c?
199
Let w be 84/(-8) + 1/2. Let d(u) = -u**3 - 10*u**2 - 4*u + 3. Let v be d(w). Let y = v - 24. List the prime factors of y.
19
Let a(f) = -55*f + 85. List the prime factors of a(-10).
5, 127
Suppose 4*w = p - 42, 2*p + 4*w = p + 82. Suppose -6*a = -p - 34. List the prime factors of a.
2
Let l = 563 + -559. Let h be 1*(1 - 0)*2. Suppose -3*r = 4*j - 96, 0 = j + h*j - l*r - 97. List the prime factors of j.
3
Let o(v) = 4*v**2 + v + 28. Let y be o(10). Let s = 673 - y. List the prime factors of s.
5, 47
Suppose -k - 423 = -5*o, k - 5 = -3. Let m = o - 20. Suppose -d = 4*s - 14, -5*d + 4*s = -m - 29. List the prime factors of d.
2, 3
Let f = 9155 + -6091. List the prime factors of f.
2, 383
Suppose 12 = 4*x, 2*j = -2*j - 2*x + 18. Suppose -j*i - 169 = -4*v + 63, 3*i = 0. What are the prime factors of v?
2, 29
Suppose 0 = 3*k + 3*y + 27, -k - 4*y = -6*k - 36. Let o = k - -11. List the prime factors of o.
3
What are the prime factors of (-222)/(-2) - (12 + -17)?
2, 29
Let d = -78 - -566. What are the prime factors of d?
2, 61
Let n = 17 - -290. Let i = 293 - 147. Suppose 3*z + r - 43 - i = 0, 5*z - r = n. What are the prime factors of z?
2, 31
Let q = 1643 - 972. What are the prime factors of q?
11, 61
Let m(a) = -14*a - 30. Let u be m(8). Let f = -32 - u. List the prime factors of f.
2, 5, 11
Suppose 0*d - 3*l + 3405 = 3*d, 4*l = 8. List the prime factors of d.
11, 103
Suppose 3*w = 2*a + 31, 5*w - a - 31 = 16. Suppose -d - w = 2. What are the prime factors of 14/(-77) + (-321)/d?
29
S